{"id":1035,"date":"2025-03-04T17:37:33","date_gmt":"2025-03-04T17:37:33","guid":{"rendered":"https:\/\/mabillard-fuchs.ch\/?page_id=1035"},"modified":"2025-12-21T08:48:05","modified_gmt":"2025-12-21T08:48:05","slug":"conditions-generales","status":"publish","type":"page","link":"https:\/\/mabillard-fuchs.ch\/?page_id=1035&lang=fr","title":{"rendered":"Conditions g\u00e9n\u00e9rales"},"content":{"rendered":"<div class=\"flex_column av_one_full  flex_column_div av-zero-column-padding first  avia-builder-el-0  avia-builder-el-no-sibling  \" style='background: #121212; background-color:#121212; border-radius:0px; '><section class=\"av_textblock_section \"  itemscope=\"itemscope\" itemtype=\"https:\/\/schema.org\/CreativeWork\" ><div class='avia_textblock  '   itemprop=\"text\" ><p>La commande est \u00e9tablie sous r\u00e9serve de disponibilit\u00e9 des vins.<br \/>\nNous nous r\u00e9servons le droit de demander le paiement avant envoi, sur facture, ou de refuser la commande.<br \/>\nLors des envois, les frais de port sont \u00e0 la charge de l&rsquo;acheteur. Jusqu&rsquo;\u00e0 12 bouteilles, les vins sont pris en charge par la Poste, au-del\u00e0, par notre transporteur qui prendra contact directement avec le client pour la livraison.<br \/>\nNos conditions de paiement: net \u00e0 30 jours, TVA 8.1% incluse.<\/p>\n<\/div><\/section><\/div>\n","protected":false},"excerpt":{"rendered":"","protected":false},"author":4,"featured_media":0,"parent":0,"menu_order":0,"comment_status":"closed","ping_status":"closed","template":"","meta":{"_acf_changed":false,"footnotes":""},"class_list":["post-1035","page","type-page","status-publish","hentry"],"acf":[],"_links":{"self":[{"href":"https:\/\/mabillard-fuchs.ch\/index.php?rest_route=\/wp\/v2\/pages\/1035","targetHints":{"allow":["GET"]}}],"collection":[{"href":"https:\/\/mabillard-fuchs.ch\/index.php?rest_route=\/wp\/v2\/pages"}],"about":[{"href":"https:\/\/mabillard-fuchs.ch\/index.php?rest_route=\/wp\/v2\/types\/page"}],"author":[{"embeddable":true,"href":"https:\/\/mabillard-fuchs.ch\/index.php?rest_route=\/wp\/v2\/users\/4"}],"replies":[{"embeddable":true,"href":"https:\/\/mabillard-fuchs.ch\/index.php?rest_route=%2Fwp%2Fv2%2Fcomments&post=1035"}],"version-history":[{"count":5,"href":"https:\/\/mabillard-fuchs.ch\/index.php?rest_route=\/wp\/v2\/pages\/1035\/revisions"}],"predecessor-version":[{"id":1041,"href":"https:\/\/mabillard-fuchs.ch\/index.php?rest_route=\/wp\/v2\/pages\/1035\/revisions\/1041"}],"wp:attachment":[{"href":"https:\/\/mabillard-fuchs.ch\/index.php?rest_route=%2Fwp%2Fv2%2Fmedia&parent=1035"}],"curies":[{"name":"wp","href":"https:\/\/api.w.org\/{rel}","templated":true}]}}